are the prime factors of a?
2, 11, 61
Let c(g) = 34*g**2 - g + 95. Let p be c(-11). Suppose -p = 9*s - 19*s. List the prime factors of s.
2, 211
Let s = -717 + 746. Let x(w) = 2*w**3 - 56*w**2 - 17*w - 27. List the prime factors of x(s).
2, 7, 83
Let j(w) = 5*w - 7. Let p be j(2). Suppose -5*z + p*z + 262 = 0. Let q = z + -66. List the prime factors of q.
5, 13
List the prime factors of 7 + ((-894)/4)/(-11 + 767/70).
2, 7, 373
Let q be (-6)/2 - (3 - 10). Suppose -81 = m - 4*f, -q*f + 203 = -2*m - m. Let j = -49 - m. List the prime factors of j.
2, 3
Suppose 4*r = 4 - 8. What are the prime factors of 945/7 - (-1 + r + 0)?
137
Suppose -q - 5*u = 25, -q - 2*u = -0*q + 10. Suppose v = -2*z + 39, -z + 2*z - 3 = q. What are the prime factors of v?
3, 11
Suppose -66 = 15*k - 17*k. Suppose -2*o - 19 = -k. Suppose o*v - 11*v = -212. What are the prime factors of v?
53
Let w = -50 - -25. Let l be (24/60)/(2/(-20)). What are the prime factors of l/6 + 34/(-6)*w?
3, 47
Suppose -2*o - 5*s = -8595 - 3181, -2*s - 23504 = -4*o. What are the prime factors of o?
2, 2939
Suppose -14 - 11 = -5*h. Suppose -2*y = -h*z - 115, -2*y - 43 = 2*z - 11. Let c(f) = -f**2 - 26*f + 14. What are the prime factors of c(z)?
7, 17
Let v = -7 - -12. Suppose v*w - 2288 = w + 4*d, 0 = 5*w + 5*d - 2900. Suppose -w = -7*s - s. What are the prime factors of s?
2, 3
Let c(j) = 59*j**2 - 69*j + 665. What are the prime factors of c(8)?
3889
Let k = 51170 + -32380. List the prime factors of k.
2, 5, 1879
Let h(p) = 27*p**2 - 33*p - 270. List the prime factors of h(-7).
2, 3, 107
Suppose 4*r = 3*j, 3*r - 15 = -4*j + 10. Suppose 0 = -4*a + j + 8. Suppose -a*s + 78 = -0*s. What are the prime factors of s?
2, 13
Let o(u) = -10*u - 39. Let h(c) = 51*c + 195. Let n(k) = 4*h(k) + 21*o(k). Let b be n(-16). Let a = b - -15. What are the prime factors of a?
2, 3
Let l = 27 + -21. Let b(h) = h**2 - 8*h + 11. Let c be b(l). What are the prime factors of (27/c)/(4/(-12))?
3
Let r = 3 + -583. Let l = 936 + r. List the prime factors of l.
2, 89
Let k(m) = 3*m**2 + 210*m + 153. List the prime factors of k(75).
2, 3, 607
Let x = -20353 + 34471. What are the prime factors of x?
2, 3, 13, 181
Suppose 2*i + 2*j + 11990 = 3*i, -3*i + 35976 = -3*j. List the prime factors of i.
2, 3, 1999
Let m be (-1459)/(-2) + 2/(-4). Suppose -y - 5 = -2*y. Suppose -y*a - 254 = -m. List the prime factors of a.
5, 19
Let q(r) = -22*r + 8. Let d be q(0). Suppose -d*z + 2891 = -8525. What are the prime factors of z?
1427
Suppose 5*j = 5*o - 5, o = 2*j - 0*j - 2. Suppose 26 = x - j*i, 52 - 4 = 4*x + 2*i. Suppose 0 = -x*w - 386 + 1282. List the prime factors of w.
2
Suppose 0 = -2*y - 3*o - 595 - 534, -2*o = -4*y - 2282. Let t = y + 1356. List the prime factors of t.
787
Suppose 7*l = 9*l + 8, -32 = 4*q + 4*l. Let x(v) = -3*v - 9. Let w be x(q). Suppose -z - w*f = -5*z + 416, -4*z + 424 = -5*f. What are the prime factors of z?
101
Suppose 4*q + 4*s - 188 = 7*s, 3*q = 3*s + 138. Suppose -52*a + 1208 = -q*a. What are the prime factors of a?
2, 151
Let i = 191807 + -110312. What are the prime factors of i?
3, 5, 1811
Suppose 5*s - 1419 = 2*s. List the prime factors of s + -8 + (2 - -4).
3, 157
Let o(h) = h - 39. Let p be o(10). Let q = 121 + p. Suppose -206 = -2*k + q. List the prime factors of k.
149
Suppose 124962 = 3*n - 3*o, -2*o = -10 + 22. What are the prime factors of n?
2, 19, 137
Suppose -494282 = 43*z - 467*z + 9617694. What are the prime factors of z?
7, 3407
Suppose 3 = -7*j + 66. Suppose j = s - 0*s. Let f = s + -4. What are the prime factors of f?
5
Let g = 111 + -79. Let x = -32 + g. What are the prime factors of 4 + -2 - (x + -62)?
2
Suppose -z + 14*z = 15548. Suppose 555*w = 557*w - z. List the prime factors of w.
2, 13, 23
Suppose -17 + 34 = 6*f - 7. Let o(n) = 21*n - 25. Let b(p) = 11*p - 13. Let i(v) = 5*b(v) - 2*o(v). List the prime factors of i(f).
37
Let d(b) be the first derivative of -b**4/4 - 5*b**3/3 + 2*b**2 - 10*b + 36. Let o be d(-6). Suppose o*t - t - 201 = 0. List the prime factors of t.
3, 67
Suppose -33*c + 25*c = -384. Suppose -210*o = -214*o + c. List the prime factors of o.
2, 3
Suppose -5*p + 12 = 2. Suppose 52 = p*m - 36. Suppose -51 = -5*i - 5*r + m, -5*r = -3*i + 17. What are the prime factors of i?
2, 7
Suppose -16 = -3*f - 7. Suppose -f*m + 7 + 14 = -r, 4*m + 52 = -2*r. List the prime factors of (-714)/(-10) + (r/(-15))/(-4).
71
Let v = -26 + 32. Suppose z - 6 = -v. Suppose -84 = -y - b, -5*y - b + 415 + 9 = z. List the prime factors of y.
5, 17
Let g be (4 - 3)/((78/(-24))/(-13)). Suppose -3*y - c = -3496, -g*c = 5*y - 8031 + 2202. List the prime factors of y.
5, 233
Suppose -2*p - 2*c = -43498, 0 = -p - 2*c + 35384 - 13628. What are the prime factors of p?
2, 7, 1553
Let x(w) = -2*w**3 + w**2 - 2*w + 1. Let s(p) = 3*p**2 + 5*p - 6. Let f be s(1). Let g be x(f). What are the prime factors of (-85)/5*(g/3 + 3)?
2, 17
Suppose 19 - 23 = -2*y. List the prime factors of (-8386)/(-21) - (y/(-3) - 0).
2, 5
Let f = -36447 - -56658. List the prime factors of f.
3, 6737
Suppose -18 = -13*d - 5*d. List the prime factors of (289*d/(-4))/((-61)/732).
3, 17
Let j be ((-24)/(-1))/((-75)/(-2300)). Let g = 124 + j. What are the prime factors of g?
2, 5, 43
List the prime factors of (1021193/133 - -23)/((-18)/21 + 1).
2, 13477
Let q(l) be the first derivative of l**4/4 - 4*l**3/3 - 2*l**2 + 10*l + 9. Let g = 6 + 0. List the prime factors of q(g).
2, 29
Suppose 306*s - 305*s - 47071 = -11372. List the prime factors of s.
29, 1231
Let g(z) be the first derivative of z**3 + 8*z**2 + 27*z + 56. What are the prime factors of g(-11)?
2, 107
Let x(o) = o**3 + 3*o**2 + 2*o + 103. Let g(t) = -7*t - 14. Suppose 2*d = c + 2 - 1, -5*c = -2*d + 21. Let h be g(d). What are the prime factors of x(h)?
103
Let j(p) be the first derivative of -p**3/3 - 7*p**2/2 + 11*p - 2. Let q be j(-7). Suppose 0 = h - 4*k - 100 + q, -h + 74 = k. What are the prime factors of h?
7, 11
Let l = -92 + 88. Let p be 294 + 3 - 16/l. Let g = -184 + p. What are the prime factors of g?
3, 13
Let l(t) = 7*t + 14. Let o(h) = h. Let g(x) = l(x) - 5*o(x). Let q be g(-9). List the prime factors of 5/(-2)*(-4)/q*-2.
5
Let r be -116 - (2/3 - (-7)/3). Let t = r + 243. Suppose 3*o - 2*u = 139, u = 3*o - 6*o + t. List the prime factors of o.
43
Let s = -15150 - -33820. What are the prime factors of s?
2, 5, 1867
Suppose -5*a + w = -22, a - 3*w = -45 + 41. Suppose 358 = a*j - 3*d + 107, 0 = -5*j + 4*d + 253. List the prime factors of j.
7
Suppose -2*r + 3*d + 9 = -0, 5*r - 10 = -5*d. Suppose 2*j - 8 = 0, -810 = -2*l + j - r*j. List the prime factors of l.
401
Suppose 17*j - 51274 = -14*j. Let h = j - 837. What are the prime factors of h?
19, 43
Let k(y) be the first derivative of 3*y**3 - 3*y**2/2 - 26*y + 21. Let z be k(-5). Suppose 4*n - 30 = z. List the prime factors of n.
61
Suppose -63 = 10*q - 13. What are the prime factors of 0 + -1*(q + 0) + 790?
3, 5, 53
Let u(t) = t**3 + t + 13. Let i be u(0). Suppose -4*n + 69 = -28*a + 23*a, 54 = 4*n - 2*a. Suppose n*h + i = 12*h. List the prime factors of h.
13
Suppose 73319 = 2*f + n - 1928, 0 = -3*f - 2*n + 112874. List the prime factors of f.
2, 3, 5, 11, 19
Suppose 0 = -2*a - 4*b + 17357 + 20283, -2*b + 75322 = 4*a. List the prime factors of a.
2, 3, 43, 73
Let p be 4 + 2 + -8*1/2. Let f = 3 + 1. Suppose -f*a - 25 = -v, p*a + 64 = 4*v - 2*a. What are the prime factors of v?
13
Let d(q) = -2*q**3 - 20 + 10*q**3 + 29*q**2 - 10*q**3 + q**2 - 4*q. What are the prime factors of d(14)?
2, 79
Let n = -37 - -16. Let f be (4 - 11)*(-18)/n. What are the prime factors of 5/((-93)/138*f + -4)?
5, 23
Suppose -129*y = -160*y + 139066. What are the prime factors of y?
2, 2243
Let h(s) be the first derivative of s**6/120 + s**5/5 + s**3/3 - 3*s**2/2 + 4. Let d(u) be the second derivative of h(u). List the prime factors of d(-12).
2
Suppose 0 = -4*r + r + 306. Let a = 99 - r. List the prime factors of (-4 - a - -4 - 2) + 234.
5, 47
Let b(p) = p**3 + 16*p**2 + 40*p + 19. Let c be b(-13). Suppose -t - 844 = -q, -2*t - 2497 = -3*q - c*t. What are the prime factors of q?
839
Let n be (6/12 - 2) + 7/2. Suppose -6*c + 5510 = -2*c - n*l, -5*c + 3*l = -6889. Suppose 3*w + 5*w - c = 0. What are the prime factors of w?
2, 43
Let k 